c, l + 5*c - 22 = c. Suppose l*t = -3*n + 60, -3*t - 3*n + 40 + 53 = 0. What is the units digit of t?
3
Let s(y) = -y**3 + 6*y**2 + 8*y - 1. Let x be s(7). Let p be (5/3)/(2/x). Suppose -p = -t + 19. What is the tens digit of t?
2
Suppose -5*g = -2*w + 3623, -4*g - 499 = 2*w - 4131. What is the thousands digit of w?
1
Let p(z) = 20*z + 2. Suppose 5*b + g - 7 - 6 = 0, 2*b + g = 7. What is the tens digit of p(b)?
4
Suppose -2*j - 424 = -4*j. Suppose 3*d - 5*d = -j. What is the hundreds digit of d?
1
Suppose -3*s = s. Suppose 3*f = -s*f + 66. What is the units digit of f?
2
Let b be 3*3/9*159. What is the tens digit of (3 - 0) + -3 + b?
5
Let k(y) = 4*y + 8*y**2 + 82 - 74 - 4*y**2. What is the tens digit of k(-5)?
8
Suppose -2*t = -5*t. Let v be (40/(-8))/(t - 1). What is the units digit of 1*(v - 3)*2?
4
Suppose 34371 = 97*i - 70*i. What is the hundreds digit of i?
2
Let y(u) = -u**3 - 11*u**2 + 11*u + 9. Let m(s) = -s**2 - s. Let d(w) = -5*m(w) + y(w). What is the units digit of d(-9)?
8
Let q be 7/(-3) - 2/(-6). Let m be (q + -3 + 6)*5. Suppose 0*d - m*y = -2*d + 53, -4*y - 50 = -2*d. What is the tens digit of d?
1
Suppose 3*w - 6813 = -3*q, -4*q + 2*w = -8225 - 853. What is the units digit of q?
0
Let u be 7/((-35)/(-30))*1. Suppose 5*w - 3*a + 0*a - 131 = 0, -5*w + 133 = -4*a. Suppose 5*c + 4*y - 115 + w = 0, c + u = 4*y. What is the units digit of c?
4
Let z be 2*(-2 + 0) + 6. Suppose p + 210 = 4*w, 5*p = -7*w + z*w + 250. What is the tens digit of w?
5
Suppose 2*q - 5 = 4*q - 3*m, -5 = 5*q - 5*m. Suppose -4 = -2*u - q. Let o(p) = 8*p**3 - p. What is the units digit of o(u)?
7
Let b(i) = -i**3 + 14*i**2 + i - 10. Let p be b(14). Suppose 45 = d - 3*y, 5*y + 19 + 196 = p*d. Suppose 5*q = 140 + d. What is the units digit of q?
0
Let w(h) = 36*h + 149. What is the units digit of w(39)?
3
Let n(x) = -32*x - 2. Let t(d) = -2*d + 21. Let h be t(11). What is the tens digit of n(h)?
3
Let c(m) be the third derivative of m**6/120 - m**5/12 + m**3/2 + m**2. Let j be c(5). Suppose 4*v - j - 41 = 0. What is the units digit of v?
1
Let d(j) = j**3 + 11*j**2 + 4*j + 15. Let o be d(-9). Suppose -5*p + o + 74 = 0. What is the tens digit of p?
4
Suppose -z = 5*l + 25, 3*l + 2*z = z - 15. Let k = l + 17. What is the units digit of k?
2
Suppose -325 = 2*o - 35. Let l = -91 - o. Let d = 90 - l. What is the tens digit of d?
3
Let o(i) = -2 - 2 + 2*i - 6. Let v be o(6). Suppose n - 56 = -n + 2*b, 6 = v*b. What is the units digit of n?
1
Let r = -2546 - -3638. What is the tens digit of r?
9
Let d = 16 - 10. Let h be (-2)/9*-12*d. Suppose 5*w = 9 + h. What is the units digit of w?
5
Suppose 5*n - 8045 = -5*i, -n - i + 8049 = 4*n. What is the hundreds digit of n?
6
What is the hundreds digit of 311/(-1 - 6 - -8)?
3
Let u = -3 + 4. Suppose 5*t - 2*w = 35, 3*t + 2*w = u + 4. What is the units digit of t?
5
Suppose -427 = -q - a, q - 2*q + 427 = 2*a. What is the units digit of q?
7
Suppose -3*i = -7*i - 276. Let b = i - -101. What is the units digit of b?
2
Let k = 4349 - 3086. What is the tens digit of k?
6
Suppose -4*d = -2*i + 10, 0*i + 2*d = -2*i + 4. Let a = 7 + -5. Suppose i*b - 30 = -a*y, -7*y = b - 2*y + 3. What is the units digit of b?
2
Suppose 0 = -5*d + 54 + 36. Let h = 29 - d. What is the tens digit of 2 + -4 - h*-2?
2
Let r(i) = -i**3 + i**2 + 4. Let c be r(0). Suppose -2*n - 4 = -c*u, u - 3*n + 5 = 6*u. Suppose -5*k + u + 4 = 0. What is the units digit of k?
1
Let n(x) = 8*x**2 + 3*x - 2. Let b be n(1). Let t = 4 + b. What is the units digit of t?
3
Let n = 1495 + -1059. What is the hundreds digit of n?
4
Suppose -3*h - 114 = 4*q, 3*h + 3*q = -0*q - 111. Let i = h + 107. What is the units digit of i?
3
Let k = 21 + -14. Let d(h) = 3*h. Let q be d(k). Let c = 26 + q. What is the units digit of c?
7
Let o(g) = -g**3 - 6*g**2 - 6*g - 1. Let w be o(-5). Suppose w = -m - 3*m. Let r = 18 + m. What is the tens digit of r?
1
Suppose 0 = -8*t + 344 + 1560. What is the hundreds digit of t?
2
Suppose 9*o = 6*o + 552. What is the hundreds digit of o?
1
Let f(k) = -k**2 - 14*k + 5. Let b(h) be the third derivative of h**4/12 + 2*h**3/3 + 11*h**2. Let q be b(-8). What is the units digit of f(q)?
9
Let g = -647 + 1352. What is the hundreds digit of g?
7
Let k(x) = 6*x + 2. Suppose 0 = i - 2 - 2. Suppose q = -4*a - 17, 0 = i*q - 0*q - 3*a - 27. What is the tens digit of k(q)?
2
What is the tens digit of (-7)/(133/(-42) + 3)?
4
Let j = 376 + 93. What is the tens digit of j?
6
Let h(q) = 385 + 5*q - 381 - 7*q - q**3 + 6*q**2. What is the tens digit of h(4)?
2
What is the hundreds digit of ((5 - 2) + -2)*733?
7
Let d(r) = 10*r**2 + 25*r + 62. What is the thousands digit of d(14)?
2
Let u = 110 + 80. What is the units digit of u?
0
Let v(z) be the third derivative of 7*z**6/120 - z**5/30 - z**4/6 + 5*z**3/6 + 8*z**2. What is the units digit of v(2)?
5
Suppose 11*b - 20*b = -315. Suppose -4*i - 3 = -b. What is the units digit of i?
8
Suppose j + 4*j - 215 = 0. Suppose 6*m + j = 7*m. What is the units digit of m?
3
Let n(o) = -8*o**2 - 170*o + 42. What is the units digit of n(-17)?
0
Let w(p) = -120*p**3 - 2*p**2 - 4. What is the hundreds digit of w(-2)?
9
What is the tens digit of 8210/20 + 9/(-6)?
0
Let h(f) = 714*f + 1. What is the hundreds digit of h(1)?
7
What is the thousands digit of 1656/(-621)*4161/(-4)?
2
Let u be 1 - 7 - (24 - 14). Suppose -5*v + 1 = 2*d, 0*d + 2*v + 14 = -2*d. What is the tens digit of 8*(d/u - -3)?
3
Let u be (-4 - -1)/3 - (-2 - 2). Suppose 3*p + 5*f = 47, -p - u*f = -0*p - 21. What is the units digit of p?
9
Let i(q) = -q + 13. Let t be i(17). Let n(r) = r + 12. Let u(p) = p + 25. Let k(x) = t*u(x) + 9*n(x). What is the tens digit of k(6)?
3
Let s = -212 + 296. What is the tens digit of s?
8
Suppose -8*i = -6*i - 6. Suppose i*c + f = 455, -c = -3*f - 93 - 52. What is the units digit of c?
1
Let s be (-103)/2 + (-20)/(-40). Let w be -24 - (2 - 0) - 2. Let d = w - s. What is the units digit of d?
3
Suppose 0 = 169*y - 165*y - 460. What is the hundreds digit of y?
1
Suppose -5*r + 33 = -142. Let q = 64 + r. What is the tens digit of q?
9
Let z = 96 - 90. Let g = -49 - -224. Suppose 4*t + 3*u - 140 = 0, -g = -5*t + z*u - u. What is the units digit of t?
5
Suppose 2*b + d = 14, 0 = -2*b + b + 2*d - 3. Suppose 0 = v, 0*v - 59 = -m + b*v. What is the units digit of m?
9
Let c(l) = 5*l**2 + l**2 + 1 + l**3 + 2*l**2 + 3 + 7*l. What is the tens digit of c(-5)?
4
Suppose -y + 3 = -16. Suppose y*l = 11*l + 552. What is the units digit of l?
9
Let m(d) = -d**3 - 9*d**2 + 10*d + 16. Suppose 4*j - 14 = -54. What is the units digit of m(j)?
6
Suppose -6*c = -c. Suppose 324 = -2*o + 5*o - 3*g, c = g. What is the hundreds digit of o?
1
What is the tens digit of 15*4/(-24)*388/(-10)?
9
Suppose -5*t + 2348 = -0*t - 4*q, 2*t - 5*q = 946. What is the tens digit of t?
6
Suppose -7*l + 15 = -13. Suppose 258 = -4*a - 2*i + l*i, 0 = -4*a - 2*i - 254. Let s = a + 145. What is the tens digit of s?
8
Let y(n) = 8*n**2 - 4*n - 1. Let a(r) = -3*r**2 + 14 - 5*r**2 - r**3 - r**2 - 3*r**2 + r. Let p be a(-12). What is the units digit of y(p)?
3
What is the hundreds digit of (-34672)/(-14) + 186/434?
4
Let o = -28 + 31. Suppose -2*h - o*h + 820 = 0. What is the tens digit of h?
6
Let w be 9 - ((0 - 2) + 5). Suppose 4 = -z, 2*z = -w*s + s - 8. What is the units digit of (10 + s)*9/6?
5
Let x be -3*4/(-24)*10. Suppose -i + 2*m = -2*i - 8, i - 16 = 4*m. Suppose i = -0*t + t - 4*r - 25, -t + x*r = -29. What is the units digit of t?
9
Let o = -140 + 217. Let i = o + 50. What is the units digit of i?
7
Let l(w) = -2*w**2 + 65*w + 111. What is the units digit of l(24)?
9
Let y = -24 + 20. What is the tens digit of (y + 23)/((-3)/(-45)*3)?
9
Suppose -3*l = -3*o - 62 + 671, 4*o = -2*l + 800. Suppose 4*v = -2*t + 40 + 48, -4*t + o = 3*v. What is the units digit of t?
4
Suppose 7*u = 4584 - 12326. What is the units digit of 2/5 + u/(-35)?
2
Let u = -229 + 604. Suppose 0*c - 3*c = 3*y - 375, -u = -3*y - 4*c. What is the tens digit of y?
2
Suppose 0 = -3*j + 3, -4*u + 20343 = -4*j + 6235. What is the tens digit of u?
2
Suppose 0 = -k + r + 3*r + 230, -2*k = -r - 460. Let w = 360 - k. Suppose -6*f + w = -f. What is the tens digit of f?
2
Suppose 4*v - 14 + 50 = 0. What is the units digit 